{"id":4981,"date":"2024-11-05T11:09:35","date_gmt":"2024-11-05T11:09:35","guid":{"rendered":"https:\/\/integramconsilis.com\/?page_id=4981"},"modified":"2024-11-05T12:20:34","modified_gmt":"2024-11-05T12:20:34","slug":"recuperacion-de-impago","status":"publish","type":"page","link":"https:\/\/landing.integramconsilis.com\/?page_id=4981","title":{"rendered":"Recuperaci\u00f3n de impago"},"content":{"rendered":"\t\t<div data-elementor-type=\"wp-page\" data-elementor-id=\"4981\" class=\"elementor elementor-4981\">\n\t\t\t\t<div class=\"elementor-element elementor-element-908d1ee e-flex e-con-boxed e-con e-parent\" data-id=\"908d1ee\" data-element_type=\"container\" data-settings=\"{&quot;background_background&quot;:&quot;classic&quot;}\">\n\t\t\t\t\t<div class=\"e-con-inner\">\n\t\t\t\t<div class=\"elementor-element elementor-element-2f71d07 elementor-widget elementor-widget-heading\" data-id=\"2f71d07\" data-element_type=\"widget\" data-widget_type=\"heading.default\">\n\t\t\t\t<div class=\"elementor-widget-container\">\n\t\t\t<h2 class=\"elementor-heading-title elementor-size-default\">En muchos casos las empresas por falta de personal, medios, dedicaci\u00f3n y\/o \u201c<b>know-how<\/b>\u201d no acaban realizando de la forma m\u00e1s eficiente la recuperaci\u00f3n de sus impagos.<\/h2>\t\t<\/div>\n\t\t\t\t<\/div>\n\t\t\t\t\t<\/div>\n\t\t\t\t<\/div>\n\t\t<div class=\"elementor-element elementor-element-4985871 e-flex e-con-boxed e-con e-parent\" data-id=\"4985871\" data-element_type=\"container\">\n\t\t\t\t\t<div class=\"e-con-inner\">\n\t\t\t\t<div class=\"elementor-element elementor-element-e1351a5 elementor-widget elementor-widget-elementskit-heading\" data-id=\"e1351a5\" data-element_type=\"widget\" data-widget_type=\"elementskit-heading.default\">\n\t\t\t\t<div class=\"elementor-widget-container\">\n\t\t\t<div class=\"ekit-wid-con\" ><div class=\"ekit-heading elementskit-section-title-wraper text_left   ekit_heading_tablet-   ekit_heading_mobile-\"><h2 class=\"ekit-heading--title elementskit-section-title \">Recobro de  <span><span>impagos<\/span><\/span><\/h2><div class=\"ekit_heading_separetor_wraper ekit_heading_elementskit-border-divider\"><div class=\"elementskit-border-divider\"><\/div><\/div><\/div><\/div>\t\t<\/div>\n\t\t\t\t<\/div>\n\t\t\t\t<div class=\"elementor-element elementor-element-c0c227d elementor-widget elementor-widget-text-editor\" data-id=\"c0c227d\" data-element_type=\"widget\" data-widget_type=\"text-editor.default\">\n\t\t\t\t<div class=\"elementor-widget-container\">\n\t\t\t\t\t\t\t<h2>Maximiza la Eficiencia en la Gesti\u00f3n de Cobros Pendientes<\/h2><p>La recuperaci\u00f3n de impagos es un proceso que requiere dedicaci\u00f3n, experiencia y recursos especializados. Sin embargo, muchas empresas no logran gestionar sus cuentas por cobrar de forma eficiente debido a la falta de personal capacitado, medios adecuados o conocimientos espec\u00edficos (<em>know-how<\/em>) en esta \u00e1rea. En Deintegram Consilis, ofrecemos un servicio completo de <em>Recuperaci\u00f3n de Impago<\/em> para garantizar que los derechos de cobro de tu empresa se cumplan de forma r\u00e1pida y efectiva, recuperando lo que te corresponde sin desgastar tus propios recursos.<\/p><h4>\u00bfQu\u00e9 hace \u00fanico nuestro servicio de Recuperaci\u00f3n de Impago?<\/h4><p>Nuestro servicio de <em>Recuperaci\u00f3n de Impago<\/em> est\u00e1 dise\u00f1ado para resolver las dificultades habituales de las empresas en la gesti\u00f3n de cobros. Trabajamos con procedimientos adaptados y altamente eficaces que se ajustan a las caracter\u00edsticas de cada cliente y sector, permiti\u00e9ndote mantener una buena relaci\u00f3n con tus clientes mientras garantizamos el cumplimiento de sus compromisos financieros.<\/p><h4>Nuestro Enfoque en la Recuperaci\u00f3n de Impago<\/h4><ol><li><p><strong>An\u00e1lisis de la Situaci\u00f3n y Estrategia Personalizada<\/strong><br \/>Analizamos cada caso de impago en profundidad para entender las causas y circunstancias espec\u00edficas que han llevado al incumplimiento. Con esta informaci\u00f3n, desarrollamos una estrategia personalizada y eficaz para maximizar las posibilidades de recuperaci\u00f3n, adapt\u00e1ndonos a las particularidades de tu sector y tipo de clientes.<\/p><\/li><li><p><strong>Negociaci\u00f3n Profesional y Resolutiva<\/strong><br \/>La negociaci\u00f3n es clave para una recuperaci\u00f3n de impagos exitosa. Nuestro equipo de expertos est\u00e1 capacitado en t\u00e9cnicas avanzadas de negociaci\u00f3n y en el manejo de situaciones conflictivas, logrando as\u00ed que los clientes cumplan con sus obligaciones sin da\u00f1ar la relaci\u00f3n comercial. Actuamos como mediadores eficientes, haciendo posible una recuperaci\u00f3n \u00e1gil y minimizando el riesgo de fricciones innecesarias.<\/p><\/li><li><p><strong>Herramientas Tecnol\u00f3gicas y Monitoreo Proactivo<\/strong><br \/>Utilizamos herramientas de \u00faltima tecnolog\u00eda para llevar un control exhaustivo de los pagos pendientes, facilitando un seguimiento puntual de cada cuenta. Esto nos permite actuar de inmediato ante cualquier incumplimiento y mantener una comunicaci\u00f3n constante y efectiva con el deudor, aumentando significativamente las tasas de recuperaci\u00f3n.<\/p><\/li><li><p><strong>Recuperaci\u00f3n Extrajudicial y Judicial<\/strong><br \/>En la mayor\u00eda de los casos, logramos la recuperaci\u00f3n de los importes pendientes mediante acciones extrajudiciales. Sin embargo, en aquellos casos en los que la v\u00eda amistosa no resulta suficiente, contamos con un equipo especializado en procedimientos judiciales que asegura que tus derechos se hagan valer en los tribunales, siempre con un enfoque en minimizar los costes y tiempos asociados.<\/p><\/li><li><p><strong>Reportes Transparentes y Comunicaci\u00f3n Continua<\/strong><br \/>Mantenemos una comunicaci\u00f3n constante contigo, inform\u00e1ndote de cada paso del proceso de recuperaci\u00f3n y de los resultados alcanzados. Nuestro compromiso con la transparencia te garantiza un control total sobre el estado de tus cobros pendientes, con informes detallados y personalizados que te ayudar\u00e1n a mantener una visi\u00f3n clara de tu situaci\u00f3n financiera.<\/p><\/li><\/ol><p>\u00a0<\/p>\t\t\t\t\t\t<\/div>\n\t\t\t\t<\/div>\n\t\t\t\t\t<\/div>\n\t\t\t\t<\/div>\n\t\t<div class=\"elementor-element elementor-element-da4d981 e-flex e-con-boxed e-con e-parent\" data-id=\"da4d981\" data-element_type=\"container\" data-settings=\"{&quot;background_background&quot;:&quot;classic&quot;}\">\n\t\t\t\t\t<div class=\"e-con-inner\">\n\t\t\t\t<div class=\"elementor-element elementor-element-06cb257 elementor-widget elementor-widget-heading\" data-id=\"06cb257\" data-element_type=\"widget\" data-widget_type=\"heading.default\">\n\t\t\t\t<div class=\"elementor-widget-container\">\n\t\t\t<h2 class=\"elementor-heading-title elementor-size-default\">\u00bfPor qu\u00e9 confiar enIntegram Consilis para la recuperaci\u00f3n de tus impagos?\n<\/h2>\t\t<\/div>\n\t\t\t\t<\/div>\n\t\t\t\t<div class=\"elementor-element elementor-element-9a3a4a3 elementor-widget elementor-widget-text-editor\" data-id=\"9a3a4a3\" data-element_type=\"widget\" data-widget_type=\"text-editor.default\">\n\t\t\t\t<div class=\"elementor-widget-container\">\n\t\t\t\t\t\t\t<p><span style=\"color: #ffffff;\">En Integram Consilis, somos conscientes de que la recuperaci\u00f3n de impagos no solo tiene que ver con los aspectos financieros, sino tambi\u00e9n con la imagen y la continuidad de tu negocio. Nuestro enfoque profesional y \u00e9tico garantiza un proceso respetuoso y efectivo, que protege tus relaciones comerciales a la vez que asegura la recuperaci\u00f3n de los fondos adeudados. Con nuestra experiencia y dedicaci\u00f3n, hacemos que la recuperaci\u00f3n de impagos sea una tarea sencilla y eficiente, permiti\u00e9ndote enfocarte en el crecimiento de tu empresa.<\/span><\/p>\t\t\t\t\t\t<\/div>\n\t\t\t\t<\/div>\n\t\t\t\t\t<\/div>\n\t\t\t\t<\/div>\n\t\t\t\t<\/div>\n\t\t","protected":false},"excerpt":{"rendered":"<p>En muchos casos las empresas por falta de personal, medios, dedicaci\u00f3n y\/o \u201cknow-how\u201d no acaban realizando de la forma m\u00e1s eficiente la recuperaci\u00f3n de sus impagos. Recobro de impagos Maximiza la Eficiencia en la Gesti\u00f3n de Cobros Pendientes La recuperaci\u00f3n de impagos es un proceso que requiere dedicaci\u00f3n, experiencia y recursos especializados. Sin embargo, muchas [&hellip;]<\/p>\n","protected":false},"author":1,"featured_media":0,"parent":0,"menu_order":0,"comment_status":"closed","ping_status":"closed","template":"elementor_header_footer","meta":{"footnotes":""},"class_list":["post-4981","page","type-page","status-publish","hentry"],"_links":{"self":[{"href":"https:\/\/landing.integramconsilis.com\/index.php?rest_route=\/wp\/v2\/pages\/4981","targetHints":{"allow":["GET"]}}],"collection":[{"href":"https:\/\/landing.integramconsilis.com\/index.php?rest_route=\/wp\/v2\/pages"}],"about":[{"href":"https:\/\/landing.integramconsilis.com\/index.php?rest_route=\/wp\/v2\/types\/page"}],"author":[{"embeddable":true,"href":"https:\/\/landing.integramconsilis.com\/index.php?rest_route=\/wp\/v2\/users\/1"}],"replies":[{"embeddable":true,"href":"https:\/\/landing.integramconsilis.com\/index.php?rest_route=%2Fwp%2Fv2%2Fcomments&post=4981"}],"version-history":[{"count":13,"href":"https:\/\/landing.integramconsilis.com\/index.php?rest_route=\/wp\/v2\/pages\/4981\/revisions"}],"predecessor-version":[{"id":5042,"href":"https:\/\/landing.integramconsilis.com\/index.php?rest_route=\/wp\/v2\/pages\/4981\/revisions\/5042"}],"wp:attachment":[{"href":"https:\/\/landing.integramconsilis.com\/index.php?rest_route=%2Fwp%2Fv2%2Fmedia&parent=4981"}],"curies":[{"name":"wp","href":"https:\/\/api.w.org\/{rel}","templated":true}]}}